+ 9. Give y(-1).
12
Let u(h) = -h**3 - 3*h**2 + 6*h. Calculate u(-4).
-8
Let m(c) = -c**2 - 20*c - 93. Determine m(-16).
-29
Let i(d) = -d**3 + 27*d**2 - 140*d - 6. Determine i(20).
-6
Let b(t) = 118*t + 9406. Give b(-80).
-34
Let f(v) = -31*v - 1485. Calculate f(-48).
3
Let n(g) = 23*g + 302. What is n(3)?
371
Let b(l) = l**3 - 18*l**2 - 2*l + 19. Calculate b(18).
-17
Let q(g) = 2*g**3 - 55*g**2 + 122*g + 83. Give q(25).
8
Let m(p) = -p**3 - 26*p**2 - 90*p - 42. Give m(-22).
2
Let d(o) = -o**3 + 17*o**2 - 73*o + 32. Determine d(10).
2
Let b(t) = t**2 + 19*t + 70. Calculate b(-8).
-18
Let p(n) = 1310*n + 5232. What is p(-4)?
-8
Let x(m) = -7*m**2 + 40*m + 32. Calculate x(6).
20
Let a(i) = 2*i**3 + 80*i**2 + 9*i + 342. Give a(-40).
-18
Let w(f) = -44*f + 1993. What is w(45)?
13
Let p(q) = -2*q**3 + 21*q**2 + 5*q - 69. What is p(10)?
81
Let h(f) = -139*f - 5275. Determine h(-38).
7
Let j(h) = -2*h**3 + 151*h**2 + 56*h + 1514. Give j(76).
-6
Let i(t) = 132*t + 4. Give i(1).
136
Let b(v) = 8*v**2 - 198*v + 1496. Calculate b(8).
424
Let r(o) = -1050*o + 11545. Determine r(11).
-5
Let h(z) = 135*z + 1446. What is h(-8)?
366
Let n(m) = 13*m**2 - 116*m - 3. Calculate n(6).
-231
Let c(x) = 2*x**3 + 15*x**2 - x + 64. Give c(-8).
8
Let n(c) = 244*c - 74159. Determine n(304).
17
Let d(o) = -11*o**3 - 42*o**2 + 39*o + 3. Give d(1).
-11
Let r(i) = 366*i**2 - 1482*i - 3. Calculate r(4).
-75
Let c(i) = 2478*i + 4966. Give c(-2).
10
Let h(t) = -t**3 + 21*t**2 - 37*t + 33. Calculate h(14).
887
Let j(f) = -1036*f + 4103. Determine j(4).
-41
Let j(i) = 2*i**2 + 143*i - 3084. Give j(-89).
31
Let l(d) = 500*d + 27498. Determine l(-55).
-2
Let w(v) = -1223*v + 4901. Give w(4).
9
Let g(z) = -2*z**2 - 6*z + 3. What is g(-10)?
-137
Let r(f) = 210*f - 103. Give r(1).
107
Let c(d) = -3*d**3 - 18*d**2 + 6*d + 8. Determine c(-6).
-28
Let j(r) = r**2 - 35*r - 71. What is j(0)?
-71
Let m(p) = -12*p**2 + 291*p + 98. Determine m(25).
-127
Let g(o) = -13830*o - 13835. What is g(-1)?
-5
Let i(c) = c**2 + 704*c - 2122. What is i(3)?
-1
Let o(m) = m**3 - 21*m**2 - 46*m + 120. What is o(23)?
120
Let g(a) = -5*a**2 + 117*a + 23. Give g(24).
-49
Let l(f) = -240*f + 760. What is l(3)?
40
Let y(x) = -92*x - 2219. Determine y(-24).
-11
Let d(c) = 63*c**2 - 53*c + 104. Determine d(2).
250
Let p(d) = 2*d**2 - 30*d - 13. Determine p(17).
55
Let n(v) = -1615*v - 43611. Determine n(-27).
-6
Let o(s) = 1085*s + 3260. Calculate o(-3).
5
Let u(f) = f**2 - 40*f + 269. Give u(29).
-50
Let j(z) = 470*z - 4249. Determine j(9).
-19
Let p(w) = w**3 + 119*w**2 + 893*w + 546. Calculate p(-111).
-9
Let l(m) = 22*m + 74. Calculate l(21).
536
Let a(t) = -3*t**2 + 345*t - 3713. Determine a(103).
-5
Let w(y) = -122*y - 534. Give w(-4).
-46
Let c(h) = h**3 + 13*h**2 - 14*h - 40. Give c(-14).
-40
Let x(h) = h**3 - 45*h**2 + 3*h - 132. What is x(45)?
3
Let z(p) = -2*p**2 - 369*p + 4953. Give z(-197).
28
Let w(x) = -3*x - 106. What is w(-28)?
-22
Let a(x) = -76*x - 3526. Calculate a(-49).
198
Let m(q) = -1031*q + 94845. Determine m(92).
-7
Let a(k) = 9*k**2 - 27*k + 45. What is a(2)?
27
Let n(a) = 6*a**2 - 29*a + 30. What is n(1)?
7
Let t(u) = -172*u - 983. Determine t(-5).
-123
Let h(c) = 83*c + 166. What is h(-1)?
83
Let x(r) = -2*r**3 - 64*r**2 - 355*r - 119. What is x(-25)?
6
Let a(k) = 4*k**2 - 36*k + 126. Give a(6).
54
Let m(j) = -4*j**3 - 2*j**2 + 9. What is m(-2)?
33
Let y(j) = j**2 + 780*j - 4714. Calculate y(6).
2
Let m(b) = b**3 - 7*b**2 + 11*b - 26. Determine m(4).
-30
Let f(z) = z**3 + 134*z**2 + 1795*z + 1195. Calculate f(-119).
5
Let i(m) = -21*m + 169. Give i(12).
-83
Let y(f) = -79*f**2 + 9*f - 8. Give y(1).
-78
Let v(z) = z**3 - 7*z**2 + 81*z - 693. What is v(8)?
19
Let y(v) = -50*v + 441. Give y(9).
-9
Let x(q) = -2*q**3 - 2*q**2 + 9*q + 5. Determine x(-8).
829
Let x(a) = 3647*a + 10919. What is x(-3)?
-22
Let o(y) = 2*y**2 - 18*y - 123. Determine o(14).
17
Let h(f) = 4*f**2 + 358*f + 1210. Determine h(-86).
6
Let c(h) = -15*h + 173. Give c(10).
23
Let b(l) = 13*l**2 - 90*l - 193. What is b(-2)?
39
Let g(a) = 9*a + 695. Give g(-52).
227
Let q(z) = 3*z**3 + 185*z**2 - 64*z - 132. Calculate q(-62).
-8
Let d(q) = -q**2 - 67*q + 205. Calculate d(3).
-5
Let n(u) = -2*u**2 + 32*u - 91. Calculate n(10).
29
Let c(g) = 3*g**2 - 180*g - 197. Calculate c(61).
-14
Let s(l) = -l**3 + 11*l**2 + 59. Give s(11).
59
Let k(f) = -2*f**3 + 3*f**2 + 13*f - 32. What is k(2)?
-10
Let x(v) = 8*v**2 - 1188*v + 1777. What is x(147)?
13
Let o(q) = -2*q**3 - 48*q**2 + 45*q - 149. What is o(-25)?
-24
Let m(k) = 6*k**3 - 11*k**2 + 9*k - 6. What is m(4)?
238
Let j(t) = -10*t**2 + 151*t - 369. Give j(12).
3
Let a(s) = 221*s**2 + 4*s + 2. Give a(-1).
219
Let t(f) = -37*f + 630. Determine t(20).
-110
Let h(k) = 2944*k - 88328. Determine h(30).
-8
Let r(l) = -l**3 + 68*l**2 + 524*l - 24. Give r(-7).
-17
Let b(p) = p**3 + 7*p**2 + 71*p + 295. Determine b(-5).
-10
Let t(q) = -q**3 + 223*q**2 + 8*q - 1782. What is t(223)?
2
Let f(n) = -n**3 - 2*n**2 + 103*n - 3. Determine f(0).
-3
Let g(f) = f**3 + f**2 + 32*f + 68. Determine g(-3).
-46
Let q(o) = -2*o**2 + 9*o + 302. Determine q(14).
36
Let i(p) = p**2 + 597*p - 6074. Give i(10).
-4
Let d(b) = -25*b - 421. Determine d(-11).
-146
Let b(k) = k**3 - 3*k**2 - 31*k + 13. Determine b(9).
220
Let f(z) = -z**3 - 93*z**2 + 1022*z - 815. What is f(-103)?
9
Let y(z) = z**2 + 173*z + 692. Give y(-4).
16
Let w(h) = -h**3 + 3*h**2 + h + 513. What is w(0)?
513
Let l(v) = 70*v - 430. Determine l(6).
-10
Let d(y) = -y**3 - 167*y**2 + 173*y + 843. Calculate d(-168).
3
Let q(h) = h**3 - 17*h**2 + 10*h - 76. Determine q(17).
94
Let m(t) = -25*t**2 + 182*t - 29. Give m(7).
20
Let v(s) = -5*s**2 + 1125*s - 4479. Give v(4).
-59
Let v(h) = -5*h**2 + 83*h + 27. Calculate v(17).
-7
Let g(k) = 2*k**2 - 4*k - 15. What is g(-8)?
145
Let c(w) = 40*w**2 - 7*w + 9. What is c(1)?
42
Let h(u) = -23*u + 258. Determine h(10).
28
Let h(y) = -2*y**3 + 13*y**2 + 11*y + 65. What is h(7)?
93
Let m(p) = 2*p**2 - 41*p + 11. Determine m(18).
-79
Let n(m) = 255*m - 13264. Give n(52).
-4
Let k(t) = -t**3 - 12*t**2 + 103*t + 26. What is k(-18)?
116
Let h(v) = 55*v - 4374. Calculate h(80).
26
Let h(y) = -29*y**2 - 145*y - 29. Determine h(-5).
-29
Let k(d) = 28*d**3 + 2*d**2 + 37*d - 72. Calculate k(2).
234
Let n(k) = 272*k - 23. What is n(2)?
521
Let t(p) = p**3 - 3*p**2 + 37*p - 35. Determine t(1).
0
Let g(b) = 2*b**2 + 35*b - 34. What is g(-14)?
-132
Let k(v) = -14*v**2 + 61*v + 34. Give k(6).
-104
Let y(k) = 3*k - 14. Give y(-10).
-44
Let m(o) = -o**2 + 4*o + 486. Give m(-20).
6
Let s(m) = 71*m - 1386. Determine s(20).
34
Let q(s) = 60*s + 116. Calculate q(-6).
-244
Let a(g) = -g**3 + 9*g**2 - 37*g + 333. Give a(9).
0
Let x(s) = 2*s**2 + 71*s - 71. Calculate x(-35).
-106
Let a(l) = 222*l + 2448. Determine a(-11).
6
Let q(s) = s**2 - 20*s - 27. Determine q(23).
42
Let w(r) = -r**3 + 7*r**2 + 73*r + 74. Determine w(13).
9
Let h(g) = -6*g**2 - 51*g - 73. Give h(-7).
-10
Let a(s) = -21*s**2 + 70*s + 171. Determine a(5).
-4
Let q(c) = 5*c - 297. Determine q(55).
-22
Let a(h) = h**2 - 18*h - 64. Give a(22).
24
Let o(h) = h**3 + 9*h**2 + 3*h + 20. What is o(-7)?
97
Let a(f) = 88*f - 1226. What is a(14)?
6
Let t(u) = -2*u**2 + 94*u - 565. Determine t(6).
-73
Let z(x) = -x**3 - 23*x**2 - 13*x - 20. Give z(-6).
-554
Let v(p) = -71*p - 1076. Give v(-13).
-153
Let q(r) = 2*r**3 - r**2 - r + 5. Calculate q(-3).
-55
Let g(a) = -a**3 - 7*a**2 + 21*a + 151. Determine g(-8).
47
Let s(r) = r**3 - 12*r**2 + 101*r - 806. Give s(10).
4
Let z(k) = 9*k**3 - 773*k**2 - 88*k + 144. Determine z(86).
-28
Let k(r) = 206*r**2 - 4*r - 52. What is k(0)?
-52
Let a(w) = -8*w**2 + 548*w + 292. Calculate a(69).
16
Let h(z) = -z**2 + 12*z + 198. What is h(21)?
9
Let l(o) = -339*o + 1374. Calculate l(4).
18
Let w(k) = 172*k + 1046. Give w(-6).
14
Let t(p) = p**3 + 40*p**2 + 74*p + 1361. What is t(-39)?
-4
Let q(i) = -i**3 + 2*i**2 + 223*i + 21. Determine q(16).
5
Let k(w) = -165*w + 11694. What is k(71)?
-21
Let x(r) = 66*r + 244. Give x(-13).
-614
Let a(v) = 43*v + 67. What is a(-6)?
-191
Let q(r) = r**2 + 18*r - 139. Determine q(-19).
-120
Let j(q) = q**2 - 66*q - 778. Determine j(-10).
-18
Let h(c) = 10*c + 62. Determine h(-6).
2
Let m(n) = -n**3 - 71